 u and c?
13
Let a be 503 - (20/(-8))/(-5)*-2. Calculate the greatest common factor of 63 and a.
63
Let n be 2 - (-22)/(-14) - (-31365)/119. Calculate the greatest common factor of 33 and n.
33
Suppose -2*o - 24 = -5*o. Let j(n) be the third derivative of -25*n**4/8 - n**3/2 + 15*n**2. Let v be j(-1). Calculate the highest common divisor of v and o.
8
Suppose n + 5*f - 426 = 0, -4*f = -5*n + 2*n + 1373. What is the greatest common factor of n and 41?
41
Let f(s) = s**3 - 27*s**2 - 27*s + 63. Let a be f(28). What is the greatest common divisor of 65 and a?
13
Let u(d) = -2*d**2 + 43*d - 128. Let f(z) = z**2 - 22*z + 63. Let b(n) = -13*f(n) - 6*u(n). Let q be b(24). What is the highest common divisor of 5 and q?
5
Let u be 20/2 + (0 - -1). Let n(v) = 21*v + 48. Let x be n(0). Suppose u*m + x = 13*m. What is the greatest common factor of m and 6?
6
Suppose 2*l = 2*k + 34, -41 = -2*l - 4*k - k. Suppose 0 = -d - 2*y + 196, -y - 251 = 3*d - 844. Calculate the greatest common divisor of l and d.
18
Let r(g) = 3*g**2 + 82*g + 29. Let l be r(-27). Let v(a) = a**2 - a + 1. Let w be v(2). Calculate the greatest common factor of l and w.
1
Suppose -3*m - 8*m = -990. What is the greatest common factor of 18 and m?
18
Let s(j) = j**3 + 46*j**2 + 43*j + 10. Let u be s(-45). What is the highest common factor of u and 175?
25
Suppose -2 - 2 = -q. Suppose -c - b + 28 = -4, -2*c = b - 60. What is the highest common divisor of c and q?
4
Let o(c) = -c**3 + 18*c**2 + c + 4. Let v be o(18). Calculate the highest common divisor of 143 and v.
11
Suppose -5*f - 10*f = -45. Let q be 1209/26 - f/2. Calculate the greatest common factor of 9 and q.
9
Let m(c) = -c**2 - 56*c + 16. Let v be m(-10). What is the greatest common divisor of 51 and v?
17
Suppose -g + 28 = 4*o + 4*g, 2*g - 8 = 0. Suppose 26 = o*s - k, 2*k = -2*s + k + 30. What is the highest common factor of s and 14?
14
Let j = 157 - 157. Let r(p) = p**3 + 4*p**2 - 3*p + 35. Let l be r(j). Calculate the greatest common divisor of 175 and l.
35
Let j be 14 - 7/(21/9). Suppose 0 = -6*d + j + 19. Let w(y) = 55*y**2 - y + 1. Let z be w(1). Calculate the highest common factor of d and z.
5
Suppose 2029 = -9*z + 11245. Calculate the highest common factor of 48 and z.
16
Suppose -35*x = -25791 - 6759. Calculate the greatest common factor of 60 and x.
30
Suppose 33 = 2*u - 15. Suppose 0 = 2*o + 5*p - u, p - 1 = -o + 5. Suppose 4*h = 4*n - 32, 3*h - o = 4*h. Calculate the greatest common factor of n and 2.
2
Suppose -4*t + 3*t = 4*y + 50, -4*y = 4*t + 152. Let i = 9 + -28. Let d = i - t. What is the greatest common divisor of d and 105?
15
Let y = -64 - -207. Let s be y - 0/(-5) - 3. Calculate the highest common factor of 20 and s.
20
Let n(f) = -19*f - 181. Let h be n(-11). What is the greatest common factor of 112 and h?
28
Suppose -16*c + 40 = -14*c. Suppose -l + 2*h = 4*h - 32, 5*l - 145 = 5*h. What is the highest common divisor of c and l?
10
Suppose 102 = 3*k - 4*t + 16, -91 = -3*k - t. Let r be (3 - 3) + (7 - 4). Calculate the greatest common divisor of r and k.
3
Suppose 19*n - 22*n = -555. Suppose 71 = w - 24. Suppose 0 = 2*k + 21 - w. Calculate the highest common factor of n and k.
37
Let l be 4*(-6129)/(-36) - 10. What is the greatest common factor of 11 and l?
11
Suppose -11*s - 4*s + 6600 = 0. Let g be ((-3)/6)/((-2)/s). What is the highest common divisor of 20 and g?
10
Let c(h) = 16*h - 4. Let w be c(1). Suppose -1 = w*g - 13*g. What is the greatest common divisor of 1 and g?
1
Let a(d) = 12*d - 97. Let s be a(11). Calculate the highest common divisor of s and 140.
35
Suppose -2*l - l - 5*y + 20 = 0, 2*l + 2*y - 12 = 0. Suppose l*z - 47 = -3*s, 3*s - 77 = z - 0*z. What is the highest common factor of 12 and s?
12
Let p(c) = 17*c + 63. Let s be p(11). What is the greatest common factor of s and 10?
10
Let t = -65 - -4. Let i = 103 + t. What is the greatest common divisor of 63 and i?
21
Let u(o) = 64*o + 249. Let y be u(13). Calculate the greatest common factor of 23 and y.
23
Suppose 4*a - 5*h = 129, -h + 36 = a - 6*h. Let o = a - -5. What is the highest common factor of 4 and o?
4
Suppose -229*w - 1127 = -10745. Suppose -5*c + 20 = 0, -5*c + 46 = 5*l - 4. Calculate the highest common divisor of l and w.
6
Let a(m) = 7*m**2 + 12. Let z be a(-3). What is the highest common factor of z and 600?
75
Let f = -1649 - -1713. Calculate the greatest common divisor of f and 208.
16
Let t(k) = 39*k**3 - 2*k + 1. Let d be t(1). Let f = d + -6. What is the greatest common factor of f and 8?
8
Let h be 1*4 + 61 + 7 + 0. Calculate the highest common factor of h and 32.
8
Let h(f) be the first derivative of -2*f**4 - f**3/3 + 46. Let g = 0 + -2. Let s be h(g). What is the highest common divisor of s and 12?
12
Let u be (52/14 + -2)*(104 - 83). What is the highest common divisor of 64 and u?
4
Suppose -7*w = 5*u - 6*w - 75, 2*u - 3*w - 47 = 0. What is the highest common divisor of u and 752?
16
Let j(c) = 1. Let f(n) = -4*n**2 + 2*n - 11. Let m(b) = -f(b) - 6*j(b). Let w be m(5). Let x = -44 + w. Calculate the highest common divisor of x and 17.
17
Suppose -71*n + 992 = -9*n. Calculate the greatest common divisor of n and 304.
16
Let f be ((-396)/3)/(-4) - 5. Let v(w) = 2*w**3 - w**2 - 6*w + 1. Let r be v(3). Calculate the highest common factor of r and f.
28
Suppose 258*w = 262*w - 2352. Calculate the greatest common factor of 24 and w.
12
Let g(s) = s**2 + 6*s - 6. Let u be g(-7). Let b be ((-62)/(-6))/u - 1/3. What is the greatest common factor of b and 10?
10
Suppose 0 = 26*m - 23*m - 345. Suppose 196 = 4*i + 3*o, 0*o + 20 = 5*o. Calculate the highest common factor of i and m.
23
Let v(x) = -1152 + 571 + 577 - 12*x. Let k be -1*(2 - -10) - 1. Let i be v(k). Calculate the highest common divisor of i and 19.
19
Suppose 3*k - 5*k + 10 = 0. Suppose 0*l + k*l = 65. Let r(s) = 144*s**2 - 2*s + 1. Let g be r(1). Calculate the greatest common factor of g and l.
13
Suppose 5*i - 140 = -35. Calculate the highest common factor of 91 and i.
7
Let m be (-3)/(-42)*4 + 78/21. Calculate the highest common factor of 196 and m.
4
Suppose 0 = 3*r + 2*r + 80. Let o = -36 - r. Let i be ((-32)/10)/(o/550). What is the greatest common divisor of i and 11?
11
Let m = 40 + 18. Suppose 6*y - 348 = 2*y. Calculate the highest common factor of y and m.
29
Let k(f) = 3*f + 127. Let y be k(-31). Calculate the greatest common factor of 85 and y.
17
Let f(g) = -18*g - 8. Let i = -45 - -42. Let t be f(i). Calculate the highest common factor of t and 368.
46
Suppose -2*l + 3*n = -1321, -3671 + 400 = -5*l - 3*n. What is the highest common divisor of 123 and l?
41
Let n = 34 + -31. Suppose -5 + 2 = -n*a. Let z be (a + -21)*(-8)/16. What is the greatest common divisor of 2 and z?
2
Let u(d) = -d**3 + 3*d**2 + d + 4. Suppose 0 = -0*h - h + 3. Let j be u(h). Suppose -j*r + 6*r + 12 = 0. Calculate the greatest common divisor of 12 and r.
12
Suppose 0 = -5*d + 5*u - 2*u + 777, 0 = -d + 2*u + 161. Calculate the greatest common divisor of 17 and d.
17
Let j(x) = -x**3 - 7*x**2 + 13*x + 10. Let d be j(-8). Let r = 36 - -8. Let g = d + r. What is the highest common factor of 35 and g?
7
Suppose -22*o - 8*o = -21390. What is the greatest common factor of o and 31?
31
Suppose -3*d = 15, -5*h + 2075 = 5*d - 7*d. Calculate the greatest common divisor of h and 177.
59
Suppose -114 = -4*t + 194. What is the highest common divisor of t and 33?
11
Suppose -5*i - 4*v = 40, -5*i + 6*v + 5 = v. Let l be (-4081)/(-22) + 6/i. What is the highest common factor of l and 23?
23
Suppose -100*t = -106*t + 174. Calculate the highest common divisor of 1102 and t.
29
Let n = -46 + 71. Suppose 5*y - 16 = y. Let w = 6 + y. Calculate the highest common divisor of n and w.
5
Suppose -3*h + 6*h + 12 = 0. Let z(x) = -8*x - 6. Let w be z(h). Let c = 46 - w. Calculate the highest common divisor of 5 and c.
5
Let n = 1409 - 1001. Suppose -2*v - 4*l - 156 = 0, -4*v - n = v + 4*l. Let z be v/(-10) - (-6)/10. Calculate the highest common divisor of 3 and z.
3
Suppose o - 175 = -x + 29, 0 = -5*x. Calculate the greatest common divisor of 72 and o.
12
Let p(i) = i**2 - 14*i + 4. Let w be p(10). Let j = -16 - w. Suppose c - 3*c + 16 = 0. What is the greatest common factor of c and j?
4
Let y(l) 